{"id":31,"date":"2024-12-27T22:06:33","date_gmt":"2024-12-27T22:06:33","guid":{"rendered":"https:\/\/data-met.com\/?page_id=31"},"modified":"2025-05-30T07:51:59","modified_gmt":"2025-05-30T07:51:59","slug":"sobre-nosotros","status":"publish","type":"page","link":"https:\/\/data-met.com\/?page_id=31","title":{"rendered":"Sobre nosotros"},"content":{"rendered":"\t\t<div data-elementor-type=\"wp-page\" data-elementor-id=\"31\" class=\"elementor elementor-31\" data-elementor-settings=\"{&quot;ha_cmc_init_switcher&quot;:&quot;no&quot;}\">\n\t\t\t\t<div class=\"elementor-element elementor-element-cc9b979 e-con-full e-flex e-con e-parent\" data-id=\"cc9b979\" data-element_type=\"container\" data-settings=\"{&quot;_ha_eqh_enable&quot;:false}\">\n\t\t<div class=\"elementor-element elementor-element-c4d2825 e-flex e-con-boxed e-con e-child\" data-id=\"c4d2825\" data-element_type=\"container\" data-settings=\"{&quot;_ha_eqh_enable&quot;:false}\">\n\t\t\t\t\t<div class=\"e-con-inner\">\n\t\t\t\t\t<\/div>\n\t\t\t\t<\/div>\n\t\t\t\t<\/div>\n\t\t<div class=\"elementor-element elementor-element-9ee0171 e-grid e-con-boxed e-con e-parent\" data-id=\"9ee0171\" data-element_type=\"container\" data-settings=\"{&quot;_ha_eqh_enable&quot;:false}\">\n\t\t\t\t\t<div class=\"e-con-inner\">\n\t\t<div class=\"elementor-element elementor-element-3aeea57 e-con-full e-flex e-con e-child\" data-id=\"3aeea57\" data-element_type=\"container\" data-settings=\"{&quot;background_background&quot;:&quot;classic&quot;,&quot;_ha_eqh_enable&quot;:false}\">\n\t\t\t\t<div class=\"elementor-element elementor-element-c9f01fd elementor-view-stacked elementor-shape-circle elementor-position-top elementor-mobile-position-top elementor-widget elementor-widget-icon-box\" data-id=\"c9f01fd\" data-element_type=\"widget\" data-widget_type=\"icon-box.default\">\n\t\t\t\t<div class=\"elementor-widget-container\">\n\t\t\t\t\t\t\t<div class=\"elementor-icon-box-wrapper\">\n\n\t\t\t\t\t\t<div class=\"elementor-icon-box-icon\">\n\t\t\t\t<span  class=\"elementor-icon elementor-animation-\">\n\t\t\t\t<svg xmlns=\"http:\/\/www.w3.org\/2000\/svg\" width=\"53\" height=\"53\" viewBox=\"0 0 53 53\" fill=\"none\"><path d=\"M45.1726 7.82783L50.7243 8.93752C51.0224 8.99714 51.2676 9.21577 51.3537 9.51058C51.3972 9.65379 51.4011 9.80611 51.3649 9.95135C51.3287 10.0966 51.2539 10.2293 51.1483 10.3354L46.6003 14.8868C46.0553 15.4287 45.3184 15.7335 44.5498 15.7348H40.7769L31.3031 25.2118C31.4839 25.8943 31.5171 26.6074 31.4006 27.3037C31.2842 28 31.0206 28.6635 30.6276 29.25C30.2346 29.8364 29.7211 30.3324 29.1214 30.7049C28.5217 31.0773 27.8495 31.3177 27.1496 31.41C26.4496 31.5023 25.7381 31.4444 25.0623 31.2401C24.3865 31.0359 23.762 30.6899 23.2304 30.2254C22.6988 29.7608 22.2723 29.1883 21.9793 28.546C21.6863 27.9037 21.5336 27.2064 21.5313 26.5004C21.5311 25.7379 21.7064 24.9857 22.0436 24.3018C22.3808 23.618 22.8709 23.0209 23.4758 22.5569C24.0808 22.0928 24.7845 21.7742 25.5323 21.6257C26.2802 21.4772 27.0522 21.5029 27.7886 21.7006L37.2656 12.2202V8.45389C37.2656 7.68539 37.5704 6.94671 38.1136 6.40346L42.665 1.85208C42.7711 1.74651 42.9038 1.67166 43.049 1.6355C43.1943 1.59934 43.3466 1.60321 43.4898 1.64671C43.7846 1.73283 44.0033 1.97796 44.0629 2.27608L45.1726 7.82783Z\" fill=\"white\"><\/path><path d=\"M6.6248 26.5001C6.6282 29.3421 7.24107 32.1503 8.42206 34.7353C9.60304 37.3203 11.3247 39.622 13.4708 41.4851C15.617 43.3481 18.1377 44.7292 20.863 45.5353C23.5883 46.3413 26.4548 46.5534 29.2691 46.1574C32.0834 45.7615 34.78 44.7665 37.177 43.2397C39.5741 41.713 41.6159 39.6898 43.1646 37.3069C44.7133 34.9239 45.7329 32.2366 46.1547 29.426C46.5765 26.6155 46.3906 23.7472 45.6096 21.0146C45.5 20.6954 45.4564 20.3572 45.4817 20.0205C45.5069 19.6839 45.6004 19.356 45.7564 19.0567C45.9124 18.7573 46.1278 18.4929 46.3892 18.2794C46.6507 18.066 46.9529 17.9079 47.2774 17.815C47.6019 17.7221 47.942 17.6961 48.2768 17.7388C48.6117 17.7815 48.9343 17.8918 49.2252 18.0632C49.516 18.2345 49.7689 18.4633 49.9685 18.7355C50.1681 19.0077 50.3103 19.3177 50.3862 19.6466C51.8985 24.9384 51.6112 30.5825 49.5695 35.6934C47.5279 40.8044 43.8473 45.0929 39.1052 47.8863C34.3632 50.6797 28.828 51.8199 23.368 51.1279C17.908 50.4359 12.8322 47.951 8.93693 44.063C5.04587 40.1687 2.5583 35.0924 1.86475 29.6312C1.17121 24.1699 2.31098 18.633 5.1051 13.8897C7.89923 9.14638 12.1895 5.4653 17.3023 3.4244C22.4151 1.38349 28.0609 1.09833 33.3534 2.61369C33.9835 2.79791 34.5152 3.22408 34.8321 3.79908C35.149 4.37408 35.2254 5.05114 35.0446 5.68231C34.8639 6.31349 34.4406 6.84744 33.8674 7.16748C33.2941 7.48753 32.6175 7.56764 31.9853 7.39032C29.0258 6.54049 25.9094 6.3899 22.8817 6.95042C19.8541 7.51094 16.9981 8.76724 14.539 10.6202C12.0799 12.4732 10.085 14.8722 8.71154 17.628C7.33811 20.3838 6.62375 23.4211 6.6248 26.5001Z\" fill=\"white\"><\/path><path d=\"M16.5624 26.4999C16.5626 28.3105 17.0571 30.0867 17.9926 31.6369C18.9281 33.187 20.2691 34.4524 21.8709 35.2964C23.4727 36.1404 25.2746 36.5311 27.0821 36.4263C28.8896 36.3215 30.6343 35.7252 32.1278 34.7017C33.6211 33.6756 34.8054 32.2608 35.5527 30.6103C36.3 28.9598 36.5819 27.1364 36.3678 25.3372C36.3099 24.9007 36.3694 24.4565 36.5402 24.0506C36.711 23.6447 36.9869 23.2916 37.3395 23.0277C37.6921 22.7639 38.1087 22.5987 38.5463 22.5494C38.984 22.5 39.4268 22.5682 39.8294 22.7469C40.2318 22.9232 40.5803 23.2032 40.8392 23.5582C41.0982 23.9131 41.2584 24.3304 41.3034 24.7675C41.6634 27.8418 41.0573 30.952 39.5694 33.6662C38.0815 36.3805 35.7855 38.5642 33.0001 39.9143C30.2148 41.2645 27.0782 41.714 24.0258 41.2006C20.9733 40.6871 18.1564 39.2362 15.966 37.0491C13.7756 34.8621 12.3204 32.0474 11.8023 28.9957C11.2843 25.944 11.729 22.8068 13.0749 20.0194C14.4208 17.232 16.6011 14.9327 19.3131 13.4406C22.025 11.9486 25.1342 11.3378 28.2091 11.6931C28.5384 11.7236 28.8582 11.8196 29.1499 11.9753C29.4416 12.1311 29.6992 12.3435 29.9077 12.6001C30.1162 12.8568 30.2714 13.1524 30.3642 13.4698C30.457 13.7872 30.4854 14.1199 30.448 14.4484C30.4105 14.777 30.3078 15.0947 30.1459 15.383C29.984 15.6714 29.7662 15.9245 29.5053 16.1275C29.2443 16.3306 28.9454 16.4795 28.6262 16.5656C28.3069 16.6516 27.9737 16.6731 27.646 16.6287C26.2536 16.467 24.8428 16.6017 23.5062 17.024C22.1695 17.4463 20.9374 18.1466 19.8906 19.0789C18.8438 20.0111 18.0061 21.1543 17.4325 22.4333C16.8589 23.7123 16.5624 25.0982 16.5624 26.4999Z\" fill=\"white\"><\/path><\/svg>\t\t\t\t<\/span>\n\t\t\t<\/div>\n\t\t\t\n\t\t\t\t\t\t<div class=\"elementor-icon-box-content\">\n\n\t\t\t\t\t\t\t\t\t<h3 class=\"elementor-icon-box-title\">\n\t\t\t\t\t\t<span  >\n\t\t\t\t\t\t\tMisi\u00f3n\t\t\t\t\t\t<\/span>\n\t\t\t\t\t<\/h3>\n\t\t\t\t\n\t\t\t\t\t\t\t\t\t<p class=\"elementor-icon-box-description\">\n\t\t\t\t\t\tDigitalizar la salud para mejorar la calidad de vida.\t\t\t\t\t<\/p>\n\t\t\t\t\n\t\t\t<\/div>\n\t\t\t\n\t\t<\/div>\n\t\t\t\t\t\t<\/div>\n\t\t\t\t<\/div>\n\t\t\t\t<\/div>\n\t\t<div class=\"elementor-element elementor-element-0b980e8 e-con-full e-flex e-con e-child\" data-id=\"0b980e8\" data-element_type=\"container\" data-settings=\"{&quot;background_background&quot;:&quot;classic&quot;,&quot;_ha_eqh_enable&quot;:false}\">\n\t\t\t\t<div class=\"elementor-element elementor-element-f086dcf elementor-view-stacked elementor-shape-circle elementor-position-top elementor-mobile-position-top elementor-widget elementor-widget-icon-box\" data-id=\"f086dcf\" data-element_type=\"widget\" data-widget_type=\"icon-box.default\">\n\t\t\t\t<div class=\"elementor-widget-container\">\n\t\t\t\t\t\t\t<div class=\"elementor-icon-box-wrapper\">\n\n\t\t\t\t\t\t<div class=\"elementor-icon-box-icon\">\n\t\t\t\t<span  class=\"elementor-icon elementor-animation-\">\n\t\t\t\t<svg xmlns=\"http:\/\/www.w3.org\/2000\/svg\" width=\"55\" height=\"55\" viewBox=\"0 0 55 55\" fill=\"none\"><path d=\"M27.4997 6.875C39.8564 6.875 50.1368 15.7667 52.2933 27.5C50.1391 39.2333 39.8564 48.125 27.4997 48.125C15.1431 48.125 4.86266 39.2333 2.7085 27.5C4.86266 15.7667 15.1431 6.875 27.4997 6.875ZM27.4997 43.5417C32.1739 43.5412 36.7095 41.9539 40.3639 39.0396C44.0184 36.1254 46.5753 32.0568 47.616 27.5C46.5725 22.946 44.0145 18.8809 40.3606 15.9696C36.7066 13.0582 32.1729 11.4729 27.5009 11.4729C22.8289 11.4729 18.2952 13.0582 14.6412 15.9696C10.9872 18.8809 8.42932 22.946 7.38579 27.5C8.42642 32.0565 10.983 36.1247 14.637 39.0389C18.2909 41.9531 22.826 43.5407 27.4997 43.5417ZM27.4997 37.8125C24.7647 37.8125 22.1417 36.726 20.2077 34.792C18.2737 32.8581 17.1872 30.235 17.1872 27.5C17.1872 24.765 18.2737 22.1419 20.2077 20.208C22.1417 18.274 24.7647 17.1875 27.4997 17.1875C30.2348 17.1875 32.8578 18.274 34.7918 20.208C36.7257 22.1419 37.8122 24.765 37.8122 27.5C37.8122 30.235 36.7257 32.8581 34.7918 34.792C32.8578 36.726 30.2348 37.8125 27.4997 37.8125ZM27.4997 33.2292C29.0192 33.2292 30.4764 32.6256 31.5509 31.5511C32.6253 30.4767 33.2289 29.0195 33.2289 27.5C33.2289 25.9805 32.6253 24.5233 31.5509 23.4489C30.4764 22.3744 29.0192 21.7708 27.4997 21.7708C25.9803 21.7708 24.523 22.3744 23.4486 23.4489C22.3742 24.5233 21.7706 25.9805 21.7706 27.5C21.7706 29.0195 22.3742 30.4767 23.4486 31.5511C24.523 32.6256 25.9803 33.2292 27.4997 33.2292Z\" fill=\"white\"><\/path><\/svg>\t\t\t\t<\/span>\n\t\t\t<\/div>\n\t\t\t\n\t\t\t\t\t\t<div class=\"elementor-icon-box-content\">\n\n\t\t\t\t\t\t\t\t\t<h3 class=\"elementor-icon-box-title\">\n\t\t\t\t\t\t<span  >\n\t\t\t\t\t\t\tVisi\u00f3n\t\t\t\t\t\t<\/span>\n\t\t\t\t\t<\/h3>\n\t\t\t\t\n\t\t\t\t\t\t\t\t\t<p class=\"elementor-icon-box-description\">\n\t\t\t\t\t\tSer referentes en innovaci\u00f3n para el tratamiento de enfermedades cr\u00f3nicas.\t\t\t\t\t<\/p>\n\t\t\t\t\n\t\t\t<\/div>\n\t\t\t\n\t\t<\/div>\n\t\t\t\t\t\t<\/div>\n\t\t\t\t<\/div>\n\t\t\t\t<\/div>\n\t\t\t\t\t<\/div>\n\t\t\t\t<\/div>\n\t\t<div class=\"elementor-element elementor-element-f5fa38c e-flex e-con-boxed e-con e-parent\" data-id=\"f5fa38c\" data-element_type=\"container\" data-settings=\"{&quot;_ha_eqh_enable&quot;:false}\">\n\t\t\t\t\t<div class=\"e-con-inner\">\n\t\t\t\t\t<\/div>\n\t\t\t\t<\/div>\n\t\t\t\t<\/div>\n\t\t","protected":false},"excerpt":{"rendered":"<p>Misi\u00f3n Digitalizar la salud para mejorar la calidad de vida. Visi\u00f3n Ser referentes en innovaci\u00f3n para el tratamiento de enfermedades cr\u00f3nicas.<\/p>\n","protected":false},"author":1,"featured_media":0,"parent":0,"menu_order":0,"comment_status":"closed","ping_status":"closed","template":"elementor_header_footer","meta":{"footnotes":""},"class_list":["post-31","page","type-page","status-publish","hentry"],"rttpg_featured_image_url":null,"rttpg_author":{"display_name":"admin","author_link":"https:\/\/data-met.com\/?author=1"},"rttpg_comment":0,"rttpg_category":null,"rttpg_excerpt":"Misi\u00f3n Digitalizar la salud para mejorar la calidad de vida. Visi\u00f3n Ser referentes en innovaci\u00f3n para el tratamiento de enfermedades cr\u00f3nicas.","_links":{"self":[{"href":"https:\/\/data-met.com\/index.php?rest_route=\/wp\/v2\/pages\/31","targetHints":{"allow":["GET"]}}],"collection":[{"href":"https:\/\/data-met.com\/index.php?rest_route=\/wp\/v2\/pages"}],"about":[{"href":"https:\/\/data-met.com\/index.php?rest_route=\/wp\/v2\/types\/page"}],"author":[{"embeddable":true,"href":"https:\/\/data-met.com\/index.php?rest_route=\/wp\/v2\/users\/1"}],"replies":[{"embeddable":true,"href":"https:\/\/data-met.com\/index.php?rest_route=%2Fwp%2Fv2%2Fcomments&post=31"}],"version-history":[{"count":34,"href":"https:\/\/data-met.com\/index.php?rest_route=\/wp\/v2\/pages\/31\/revisions"}],"predecessor-version":[{"id":2207,"href":"https:\/\/data-met.com\/index.php?rest_route=\/wp\/v2\/pages\/31\/revisions\/2207"}],"wp:attachment":[{"href":"https:\/\/data-met.com\/index.php?rest_route=%2Fwp%2Fv2%2Fmedia&parent=31"}],"curies":[{"name":"wp","href":"https:\/\/api.w.org\/{rel}","templated":true}]}}